{"id":45,"date":"2022-01-04T16:44:38","date_gmt":"2022-01-04T16:44:38","guid":{"rendered":"https:\/\/tamann.hu\/?page_id=45"},"modified":"2022-02-06T16:17:38","modified_gmt":"2022-02-06T16:17:38","slug":"szolgaltatasok","status":"publish","type":"page","link":"https:\/\/tamann.hu\/?page_id=45","title":{"rendered":"Szolg\u00e1ltat\u00e1sok"},"content":{"rendered":"\n<p><\/p>\n\n\n\n<p><\/p>\n\n\n\n<p>Szolg\u00e1ltat\u00e1sainkat aj\u00e1nljuk mag\u00e1nszem\u00e9lyeknek, kis-, k\u00f6z\u00e9p- \u00e9s nagyv\u00e1llalatoknak.\u00a0\u00a0Ak\u00e1r hossz\u00fa t\u00e1v\u00fa egy\u00fcttm\u0171k\u00f6d\u00e9sr\u0151l van sz\u00f3, ak\u00e1r projektmunk\u00e1ban van sz\u00fcks\u00e9ge seg\u00edts\u00e9gre, keressen minket bizalommal!<\/p>\n\n\n\n<p><\/p>\n\n\n\n<p>A Tamann Consulting Kft. regisztr\u00e1lt <a href=\"https:\/\/www.dell.com\/hu-hu\">DELL<\/a>, <a href=\"https:\/\/www.cisco.com\/\">Cisco<\/a>, \u00e9s <a href=\"https:\/\/xcp-ng.org\/\">XCP-NG<\/a> partner.<\/p>\n\n\n\n<p><\/p>\n\n\n\n<div class=\"wp-block-buttons is-layout-flex wp-block-buttons-is-layout-flex\"><\/div>\n\n\n\n<h5 class=\"wp-block-heading\">Interim management<\/h5>\n\n\n\n<p><\/p>\n\n\n\n<h5 class=\"wp-block-heading\">T\u00e1rhelyszolg\u00e1ltat\u00e1s\/webhosting<\/h5>\n\n\n\n<p><\/p>\n\n\n\n<figure class=\"wp-block-table is-style-stripes\"><table><tbody><tr><td><li>min\u0151s\u00e9gi, megb\u00edzhat\u00f3 szerverek<\/li><\/td><\/tr><tr><td><li>rejtett k\u00f6lts\u00e9gek n\u00e9lk\u00fcli szolg\u00e1ltat\u00e1s<\/li><\/td><\/tr><tr><td><li>ingyenes biztons\u00e1gos kapcsolat (HTTPS)<\/li><\/td><\/tr><\/tbody><\/table><\/figure>\n\n\n\n<h5 class=\"wp-block-heading\">IT Infrastrukt\u00fara \u00fczemeltet\u00e9se<\/h5>\n\n\n\n<figure class=\"wp-block-table is-style-stripes\"><table class=\"has-fixed-layout\"><thead><tr><th> <strong>H\u00e1l\u00f3zat<\/strong> <\/th><th> <strong>Szerverek \u00fczemeltet\u00e9se<\/strong> <\/th><th> <strong>Munka\u00e1llom\u00e1sok \u00fczemeltet\u00e9se, karbantart\u00e1sa<\/strong> <\/th><\/tr><\/thead><tbody><tr><td><li>Biztons\u00e1gos t\u00e1voli munka (work from home)<\/li><\/td><td><li>Linux, Windows<\/li><\/td><td><li>Felhaszn\u00e1l\u00f3k t\u00e1mogat\u00e1sa<\/li><\/td><\/tr><tr><td><li>Vend\u00e9g wifi<\/li><\/td><td><li>Monitoroz\u00e1s<\/li><\/td><td><li>Monitoroz\u00e1s<\/li><\/td><\/tr><tr><td><li>H\u00e1l\u00f3zati eszk\u00f6z\u00f6k (router, switch) konfigur\u00e1l\u00e1sa<\/li><\/td><td><li>Rendszeres adatment\u00e9s<\/li><\/td><td><li>\u00daj, haszn\u00e1lt g\u00e9pek beszerz\u00e9se<\/li><\/td><\/tr><tr><td><\/td><td><li>Rendszeres friss\u00edt\u00e9s<\/li><\/td><td><\/td><\/tr><\/tbody><\/table><\/figure>\n\n\n\n<h5 class=\"wp-block-heading\">E-mail szolg\u00e1ltat\u00e1s<\/h5>\n\n\n\n<p><\/p>\n\n\n\n<figure class=\"wp-block-table is-style-stripes\"><table><tbody><tr><td><li>Biztons\u00e1gos levelez\u00e9s saj\u00e1t domain n\u00e9vvel (@tedomainneved.hu)<\/li><\/td><\/tr><tr><td><li>SPAM sz\u0171r\u00e9s<\/li><\/td><\/tr><tr><td><li>Windows, Linux, Iphone, Android, Mac kompatibilis<\/li><\/td><\/tr><\/tbody><\/table><\/figure>\n\n\n\n<h5 class=\"wp-block-heading\">Microsoft 365 migr\u00e1l\u00e1s<\/h5>\n\n\n\n<p><\/p>\n\n\n\n<figure class=\"wp-block-table is-style-stripes\"><table><tbody><tr><td><li>Megl\u00e9v\u0151 levelez\u00e9s migr\u00e1l\u00e1sa Microsoft 365-re<\/li><\/td><\/tr><\/tbody><\/table><\/figure>\n\n\n<div class=\"n2_clear\"><ss3-force-full-width data-overflow-x=\"body\" data-horizontal-selector=\"body\"><div class=\"n2-section-smartslider fitvidsignore  n2_clear\" data-ssid=\"6\"><div id=\"n2-ss-6-align\" class=\"n2-ss-align\"><div class=\"n2-padding\"><div id=\"n2-ss-6\" data-creator=\"Smart Slider 3\" data-responsive=\"fullwidth\" class=\"n2-ss-slider n2-ow n2-has-hover n2notransition  \">\n        <div class=\"n2-ss-slider-1 n2_ss__touch_element n2-ow\">\n            <div class=\"n2-ss-slider-2 n2-ow\">\n                                                <div class=\"n2-ss-slider-3 n2-ow\">\n\n                    <div class=\"n2-ss-slide-backgrounds n2-ow-all\"><div class=\"n2-ss-slide-background\" data-public-id=\"1\" data-mode=\"fill\"><div data-color=\"RGBA(255,255,255,0)\" style=\"background-color: RGBA(255,255,255,0);\" class=\"n2-ss-slide-background-color\"><\/div><\/div><\/div>                    <div class=\"n2-ss-slider-4 n2-ow\">\n                        <svg xmlns=\"http:\/\/www.w3.org\/2000\/svg\" viewBox=\"0 0 1200 10\" data-related-device=\"desktopPortrait\" class=\"n2-ow n2-ss-preserve-size n2-ss-preserve-size--slider n2-ss-slide-limiter\"><\/svg><div data-first=\"1\" data-slide-duration=\"0\" data-id=\"11\" data-slide-public-id=\"1\" data-title=\"Slide\" class=\"n2-ss-slide n2-ow  n2-ss-slide-11\"><div role=\"note\" class=\"n2-ss-slide--focus\" tabindex=\"-1\">Slide<\/div><div class=\"n2-ss-layers-container n2-ss-slide-limiter n2-ow\"><div class=\"n2-ss-layer n2-ow n-uc-abJzuQp6k3CV\" data-sstype=\"slide\" data-pm=\"default\"><div class=\"n2-ss-layer n2-ow n-uc-3wWScnUsmHwO\" data-pm=\"default\" data-sstype=\"content\" data-hasbackground=\"0\"><div class=\"n2-ss-section-main-content n2-ss-layer-with-background n2-ss-layer-content n2-ow n-uc-3wWScnUsmHwO-inner\"><div class=\"n2-ss-layer n2-ow n-uc-mhR0B5oSnX2e n2-ss-layer--auto\" data-pm=\"normal\" data-sstype=\"layer\"><div class=\"n2-ss-button-container n2-ss-item-content n2-ow n2-font-db4ef1be4e9a3fc9df6eb27f31e5caec-link  n2-ss-nowrap n2-ss-button-container--non-full-width\"><a class=\"n2-style-78a179bb32dadddb88b15dd736a0b565-heading  n2-ow \" href=\"https:\/\/tamann.hu\/?page_id=2\"><div><div>\u00c1raj\u00e1nlatot k\u00e9rek!<\/div><\/div><\/a><\/div><\/div><\/div><\/div><\/div><\/div><\/div>                    <\/div>\n\n                                    <\/div>\n            <\/div>\n        <\/div>\n        <\/div><ss3-loader><\/ss3-loader><\/div><\/div><div class=\"n2_clear\"><\/div><\/div><\/ss3-force-full-width><\/div>","protected":false},"excerpt":{"rendered":"<p>Szolg\u00e1ltat\u00e1sainkat aj\u00e1nljuk mag\u00e1nszem\u00e9lyeknek, kis-, k\u00f6z\u00e9p- \u00e9s nagyv\u00e1llalatoknak.\u00a0\u00a0Ak\u00e1r hossz\u00fa t\u00e1v\u00fa egy\u00fcttm\u0171k\u00f6d\u00e9sr\u0151l van sz\u00f3, ak\u00e1r projektmunk\u00e1ban van sz\u00fcks\u00e9ge seg\u00edts\u00e9gre, keressen minket bizalommal! [&hellip;]<\/p>\n","protected":false},"author":1,"featured_media":0,"parent":0,"menu_order":0,"comment_status":"closed","ping_status":"closed","template":"","meta":{"footnotes":""},"class_list":["post-45","page","type-page","status-publish","hentry"],"_links":{"self":[{"href":"https:\/\/tamann.hu\/index.php?rest_route=\/wp\/v2\/pages\/45","targetHints":{"allow":["GET"]}}],"collection":[{"href":"https:\/\/tamann.hu\/index.php?rest_route=\/wp\/v2\/pages"}],"about":[{"href":"https:\/\/tamann.hu\/index.php?rest_route=\/wp\/v2\/types\/page"}],"author":[{"embeddable":true,"href":"https:\/\/tamann.hu\/index.php?rest_route=\/wp\/v2\/users\/1"}],"replies":[{"embeddable":true,"href":"https:\/\/tamann.hu\/index.php?rest_route=%2Fwp%2Fv2%2Fcomments&post=45"}],"version-history":[{"count":20,"href":"https:\/\/tamann.hu\/index.php?rest_route=\/wp\/v2\/pages\/45\/revisions"}],"predecessor-version":[{"id":140,"href":"https:\/\/tamann.hu\/index.php?rest_route=\/wp\/v2\/pages\/45\/revisions\/140"}],"wp:attachment":[{"href":"https:\/\/tamann.hu\/index.php?rest_route=%2Fwp%2Fv2%2Fmedia&parent=45"}],"curies":[{"name":"wp","href":"https:\/\/api.w.org\/{rel}","templated":true}]}}